{"id":7,"date":"2026-03-04T18:48:09","date_gmt":"2026-03-04T18:48:09","guid":{"rendered":"https:\/\/mgs-services.ch\/?page_id=7"},"modified":"2026-03-05T15:19:13","modified_gmt":"2026-03-05T15:19:13","slug":"7-2","status":"publish","type":"page","link":"https:\/\/mgs-services.ch\/","title":{"rendered":"Montalto Gerneral Solutions"},"content":{"rendered":"<div class=\"is-default-size wp-block-site-logo\"><a href=\"https:\/\/mgs-services.ch\/\" class=\"custom-logo-link\" rel=\"home\"><img loading=\"lazy\" decoding=\"async\" width=\"143\" height=\"190\" src=\"https:\/\/mgs-services.ch\/wp-content\/uploads\/2026\/03\/Screenshot-2026-03-04-192759.png\" class=\"custom-logo\" alt=\"MGS Services\" \/><\/a><\/div>\n\n\n<div class=\"wp-block-group is-layout-flex wp-container-core-group-is-layout-7a92790e wp-block-group-is-layout-flex\"><h1 class=\"has-link-color wp-elements-d6202aa7d337f2ce08aedc8ed261a84e wp-block-site-title\"><a href=\"https:\/\/mgs-services.ch\" target=\"_self\" rel=\"home\">MGS Services<\/a><\/h1><\/div>\n\n\n\n<div class=\"wp-block-group alignfull has-global-padding is-layout-constrained wp-container-core-group-is-layout-0c9c989a wp-block-group-is-layout-constrained\" style=\"min-height:0vh;margin-top:0;margin-bottom:0;padding-top:var(--wp--preset--spacing--70);padding-right:var(--wp--preset--spacing--40);padding-bottom:var(--wp--preset--spacing--70);padding-left:var(--wp--preset--spacing--40)\">\n<div class=\"wp-block-group has-global-padding is-layout-constrained wp-container-core-group-is-layout-346627ba wp-block-group-is-layout-constrained\">\n<h2 class=\"wp-block-heading has-text-align-center has-xx-large-font-size\" style=\"margin-right:0;margin-left:0;padding-right:0;padding-left:0\">Willkommen bei MGS Services<\/h2>\n\n\n\n<p class=\"has-text-align-center\">Professionelle Reinigungs- und Geb\u00e4udedienstleistungen.<\/p>\n\n\n\n<p class=\"has-text-align-center\">Wir arbeiten nicht nur, weil wir m\u00fcssen \u2013<br><strong>wir arbeiten mit Leidenschaft.<\/strong><\/p>\n<\/div>\n<\/div>\n\n\n\n<div class=\"wp-block-group alignfull is-style-section-1 has-global-padding is-layout-constrained wp-block-group-is-layout-constrained is-style-section-1--1\" style=\"margin-top:0;margin-bottom:0;padding-top:var(--wp--preset--spacing--80);padding-bottom:var(--wp--preset--spacing--80)\">\n<div class=\"wp-block-columns alignwide is-layout-flex wp-container-core-columns-is-layout-66fad18a wp-block-columns-is-layout-flex\">\n<div class=\"wp-block-column is-layout-flow wp-block-column-is-layout-flow\" style=\"padding-right:var(--wp--preset--spacing--50);flex-basis:45%\">\n<figure class=\"wp-block-image size-full\"><img loading=\"lazy\" decoding=\"async\" width=\"850\" height=\"1024\" src=\"https:\/\/mgs-services.ch\/wp-content\/uploads\/2026\/03\/doem-am-fenster-2.png\" alt=\"\" class=\"wp-image-39\" srcset=\"https:\/\/mgs-services.ch\/wp-content\/uploads\/2026\/03\/doem-am-fenster-2.png 850w, https:\/\/mgs-services.ch\/wp-content\/uploads\/2026\/03\/doem-am-fenster-2-249x300.png 249w, https:\/\/mgs-services.ch\/wp-content\/uploads\/2026\/03\/doem-am-fenster-2-768x925.png 768w\" sizes=\"auto, (max-width: 850px) 100vw, 850px\" \/><\/figure>\n\n\n\n<div class=\"wp-block-group has-global-padding is-layout-constrained wp-block-group-is-layout-constrained\" style=\"margin-top:-12vw\">\n<figure class=\"wp-block-image alignright size-full is-resized\" style=\"margin-right:-5vw;margin-left:-5vw\"><img loading=\"lazy\" decoding=\"async\" width=\"745\" height=\"1024\" src=\"https:\/\/mgs-services.ch\/wp-content\/uploads\/2026\/03\/Sonja-houseceeping-vertikel.png\" alt=\"\" class=\"wp-image-37\" style=\"width:202px\" srcset=\"https:\/\/mgs-services.ch\/wp-content\/uploads\/2026\/03\/Sonja-houseceeping-vertikel.png 745w, https:\/\/mgs-services.ch\/wp-content\/uploads\/2026\/03\/Sonja-houseceeping-vertikel-218x300.png 218w\" sizes=\"auto, (max-width: 745px) 100vw, 745px\" \/><\/figure>\n<\/div>\n<\/div>\n\n\n\n<div class=\"wp-block-column is-vertically-aligned-center is-layout-flow wp-block-column-is-layout-flow\" style=\"padding-right:0;padding-left:0;flex-basis:50%\">\n<div class=\"wp-block-group is-vertical is-layout-flex wp-container-core-group-is-layout-fe9cc265 wp-block-group-is-layout-flex\">\n<h2 class=\"wp-block-heading is-style-text-annotation has-x-large-font-size is-style-text-annotation--2\">\u00dcber uns<\/h2>\n<\/div>\n\n\n\n<p class=\"is-style-text-subtitle is-style-text-subtitle--3\">MGS Services steht f\u00fcr zuverl\u00e4ssige Reinigungs- und Geb\u00e4udedienstleistungen.<\/p>\n\n\n\n<p>Mit Erfahrung, Pr\u00e4zision und Leidenschaft k\u00fcmmern wir uns um Sauberkeit, Ordnung und den Werterhalt von Geb\u00e4uden.<\/p>\n\n\n\n<p class=\"is-style-text-subtitle is-style-text-subtitle--4\">Unser Team arbeitet effizient, sorgf\u00e4ltig und mit h\u00f6chsten Qualit\u00e4tsanspr\u00fcchen \u2013 egal ob bei Reinigungen, Hauswartungen oder technischen Arbeiten.<\/p>\n<\/div>\n<\/div>\n<\/div>\n\n\n\n<div class=\"wp-block-group alignfull has-global-padding is-layout-constrained wp-container-core-group-is-layout-ebee8dc1 wp-block-group-is-layout-constrained\" style=\"margin-top:0;margin-bottom:0;padding-top:var(--wp--preset--spacing--50);padding-bottom:var(--wp--preset--spacing--50)\">\n<h2 class=\"wp-block-heading alignwide has-x-large-font-size\"><strong>Unsere Dienstleistungen im \u00dcberblick<\/strong><\/h2>\n\n\n\n<div class=\"wp-block-columns alignwide is-layout-flex wp-container-core-columns-is-layout-28f84493 wp-block-columns-is-layout-flex\">\n<div class=\"wp-block-column is-layout-flow wp-block-column-is-layout-flow\">\n<h2 class=\"wp-block-heading\">Professionelle Reinigungs- und Geb\u00e4udedienstleistungen f\u00fcr Privat- und Gesch\u00e4ftskunden<\/h2>\n<\/div>\n<\/div>\n\n\n\n<h2 class=\"wp-block-heading\">Reinigungen<\/h2>\n\n\n\n<ul class=\"wp-block-list\">\n<li>Unterhaltsreinigung<\/li>\n\n\n\n<li>Umzugsreinigung mit Abnahmegarantie<\/li>\n\n\n\n<li>B\u00fcroreinigung<\/li>\n\n\n\n<li>Treppenhausreinigung<\/li>\n\n\n\n<li>Fenster- und Glasreinigung<\/li>\n\n\n\n<li>Baureinigung<\/li>\n<\/ul>\n\n\n\n<h2 class=\"wp-block-heading\">Hauswartung<\/h2>\n\n\n\n<ul class=\"wp-block-list\">\n<li>Kontrolle von Liegenschaften<\/li>\n\n\n\n<li>Reinigung von Gemeinschaftsfl\u00e4chen<\/li>\n\n\n\n<li>Kleinere Wartungsarbeiten<\/li>\n\n\n\n<li>Pflege von Aussenanlagen<\/li>\n<\/ul>\n\n\n\n<h2 class=\"wp-block-heading\">Reparaturen &amp; Technik<\/h2>\n\n\n\n<ul class=\"wp-block-list\">\n<li>Kleinreparaturen<\/li>\n\n\n\n<li>Montagearbeiten<\/li>\n\n\n\n<li>Gartenarbeiten<\/li>\n\n\n\n<li>Instandhaltungsarbeiten<\/li>\n\n\n\n<li>Unterst\u00fctzung bei Renovationen<\/li>\n<\/ul>\n\n\n\n<p>Kontaktieren Sie uns f\u00fcr eine unverbindliche Offerte.<br>Wir beraten Sie gerne pers\u00f6nlich.<\/p>\n\n\n\n<div class=\"wp-block-buttons is-layout-flex wp-block-buttons-is-layout-flex\">\n<div class=\"wp-block-button\"><a class=\"wp-block-button__link wp-element-button\"><strong>+41 78 305 66 91<\/strong><\/a><\/div>\n<\/div>\n<\/div>\n\n\n\n<div class=\"wp-block-group alignfull has-global-padding is-layout-constrained wp-block-group-is-layout-constrained\" style=\"margin-top:0;margin-bottom:0;padding-top:var(--wp--preset--spacing--60);padding-bottom:var(--wp--preset--spacing--60)\">\n<div class=\"wp-block-columns alignwide is-layout-flex wp-container-core-columns-is-layout-74b2cda3 wp-block-columns-is-layout-flex\">\n<div class=\"wp-block-column is-layout-flow wp-block-column-is-layout-flow\">\n<h2 class=\"wp-block-heading\">Das Team hinter MGS Services<\/h2>\n<\/div>\n\n\n\n<div class=\"wp-block-column is-layout-flow wp-block-column-is-layout-flow\"><\/div>\n<\/div>\n\n\n\n<blockquote class=\"wp-block-quote is-layout-flow wp-block-quote-is-layout-flow\">\n<p class=\"has-text-align-center\">Hinter MGS Services stehen Menschen mit Erfahrung, Pr\u00e4zision und echter Leidenschaft f\u00fcr saubere, gepflegte und funktionierende Geb\u00e4ude.<\/p>\n<\/blockquote>\n\n\n\n<div class=\"wp-block-columns is-layout-flex wp-container-core-columns-is-layout-28f84493 wp-block-columns-is-layout-flex\">\n<div class=\"wp-block-column is-layout-flow wp-block-column-is-layout-flow\">\n<figure class=\"wp-block-gallery has-nested-images columns-default is-cropped wp-block-gallery-5 is-layout-flex wp-block-gallery-is-layout-flex\">\n<figure class=\"wp-block-image size-large\"><img loading=\"lazy\" decoding=\"async\" width=\"438\" height=\"461\" data-id=\"9\" src=\"https:\/\/mgs-services.ch\/wp-content\/uploads\/2026\/03\/Screenshot-2026-03-04-173821.png\" alt=\"\" class=\"wp-image-9\" srcset=\"https:\/\/mgs-services.ch\/wp-content\/uploads\/2026\/03\/Screenshot-2026-03-04-173821.png 438w, https:\/\/mgs-services.ch\/wp-content\/uploads\/2026\/03\/Screenshot-2026-03-04-173821-285x300.png 285w\" sizes=\"auto, (max-width: 438px) 100vw, 438px\" \/><\/figure>\n<\/figure>\n<\/div>\n\n\n\n<div class=\"wp-block-column is-layout-flow wp-block-column-is-layout-flow\">\n<figure class=\"wp-block-image size-large\"><img loading=\"lazy\" decoding=\"async\" width=\"407\" height=\"459\" src=\"https:\/\/mgs-services.ch\/wp-content\/uploads\/2026\/03\/Screenshot-2026-03-04-173813.png\" alt=\"\" class=\"wp-image-10\" srcset=\"https:\/\/mgs-services.ch\/wp-content\/uploads\/2026\/03\/Screenshot-2026-03-04-173813.png 407w, https:\/\/mgs-services.ch\/wp-content\/uploads\/2026\/03\/Screenshot-2026-03-04-173813-266x300.png 266w\" sizes=\"auto, (max-width: 407px) 100vw, 407px\" \/><\/figure>\n<\/div>\n<\/div>\n\n\n\n<div class=\"wp-block-columns is-layout-flex wp-container-core-columns-is-layout-28f84493 wp-block-columns-is-layout-flex\">\n<div class=\"wp-block-column is-layout-flow wp-block-column-is-layout-flow\">\n<p>Domenico Montalto<\/p>\n\n\n\n<p><strong>Gesch\u00e4ftsinhaber<\/strong><br>Verantwortlich f\u00fcr Technik, Gartenarbeiten, Reparaturen und Instandhaltung<\/p>\n<\/div>\n\n\n\n<div class=\"wp-block-column is-layout-flow wp-block-column-is-layout-flow\">\n<p>Sonja Di  Giuliantonio<\/p>\n\n\n\n<p><strong>Leitung Reinigung<\/strong><br>Spezialistin f\u00fcr Reinigungen &amp; Detailarbeiten<\/p>\n<\/div>\n<\/div>\n<\/div>\n\n\n\n<div class=\"wp-block-group alignfull has-global-padding is-layout-constrained wp-block-group-is-layout-constrained\" style=\"margin-top:0;margin-bottom:0;padding-top:var(--wp--preset--spacing--50);padding-bottom:var(--wp--preset--spacing--50)\">\n<div class=\"wp-block-group alignwide has-global-padding is-content-justification-left is-layout-constrained wp-container-core-group-is-layout-12dd3699 wp-block-group-is-layout-constrained\">\n<h2 class=\"wp-block-heading alignfull has-text-align-left has-xx-large-font-size\">So k\u00f6nnen Sie uns erreichen<\/h2>\n\n\n\n<p>Haben Sie Fragen oder m\u00f6chten Sie eine Offerte?<br>Wir sind gerne pers\u00f6nlich f\u00fcr Sie erreichbar.<\/p>\n\n\n\n<div class=\"wp-block-group alignwide has-global-padding is-layout-constrained wp-container-core-group-is-layout-c6a9539e wp-block-group-is-layout-constrained\" style=\"border-top-color:var(--wp--preset--color--accent-4);border-top-width:1px;margin-top:var(--wp--preset--spacing--50);padding-top:var(--wp--preset--spacing--60);padding-bottom:var(--wp--preset--spacing--60)\">\n<div class=\"wp-block-group is-layout-grid wp-container-core-group-is-layout-29271053 wp-block-group-is-layout-grid\">\n<div class=\"wp-block-group wp-container-content-b4c5012d has-global-padding is-layout-constrained wp-block-group-is-layout-constrained\">\n<h3 class=\"wp-block-heading has-medium-font-size\" style=\"font-style:normal;font-weight:700\">Domenico Montalto<\/h3>\n\n\n\n<p class=\"has-medium-font-size\">&#x1f4de; <strong>Telefon:<\/strong> <strong>+41 78 304 06 91<\/strong><br>&#x2709;&#xfe0f; <strong>E-Mail:<\/strong><a>info@mgs-services.ch<\/a><br>&#x1f4ac; <strong>WhatsApp:<\/strong> +41 78 304 06 91<\/p>\n<\/div>\n\n\n\n<div class=\"wp-block-group wp-container-content-b4c5012d has-global-padding is-layout-constrained wp-block-group-is-layout-constrained\">\n<h3 class=\"wp-block-heading has-medium-font-size\" style=\"font-style:normal;font-weight:700\">Sonja Di Giualiantonio<\/h3>\n\n\n\n<p class=\"has-medium-font-size\">&#x1f4de; <strong>Telefon:<\/strong> <strong>+41 78 305 66 91<\/strong><br>&#x2709;&#xfe0f; <strong>E-Mail:<\/strong><a>info@mgs-services.ch<\/a><br>&#x1f4ac; <strong>WhatsApp:<\/strong> +41 78 305 66 91<\/p>\n<\/div>\n<\/div>\n<\/div>\n\n\n\n<p><strong>Wir freuen uns auf Ihre Kontaktaufnahme!<\/strong><\/p>\n<\/div>\n<\/div>\n","protected":false},"excerpt":{"rendered":"<p>Willkommen bei MGS Services Professionelle Reinigungs- und Geb\u00e4udedienstleistungen. Wir arbeiten nicht nur, weil wir m\u00fcssen \u2013wir arbeiten mit Leidenschaft. \u00dcber uns MGS Services steht f\u00fcr zuverl\u00e4ssige Reinigungs- und Geb\u00e4udedienstleistungen. Mit Erfahrung, Pr\u00e4zision und Leidenschaft k\u00fcmmern wir uns um Sauberkeit, Ordnung und den Werterhalt von Geb\u00e4uden. Unser Team arbeitet effizient, sorgf\u00e4ltig und mit h\u00f6chsten Qualit\u00e4tsanspr\u00fcchen \u2013 [&hellip;]<\/p>\n","protected":false},"author":1,"featured_media":0,"parent":0,"menu_order":0,"comment_status":"closed","ping_status":"closed","template":"","meta":{"footnotes":""},"class_list":["post-7","page","type-page","status-publish","hentry"],"_links":{"self":[{"href":"https:\/\/mgs-services.ch\/index.php?rest_route=\/wp\/v2\/pages\/7","targetHints":{"allow":["GET"]}}],"collection":[{"href":"https:\/\/mgs-services.ch\/index.php?rest_route=\/wp\/v2\/pages"}],"about":[{"href":"https:\/\/mgs-services.ch\/index.php?rest_route=\/wp\/v2\/types\/page"}],"author":[{"embeddable":true,"href":"https:\/\/mgs-services.ch\/index.php?rest_route=\/wp\/v2\/users\/1"}],"replies":[{"embeddable":true,"href":"https:\/\/mgs-services.ch\/index.php?rest_route=%2Fwp%2Fv2%2Fcomments&post=7"}],"version-history":[{"count":9,"href":"https:\/\/mgs-services.ch\/index.php?rest_route=\/wp\/v2\/pages\/7\/revisions"}],"predecessor-version":[{"id":45,"href":"https:\/\/mgs-services.ch\/index.php?rest_route=\/wp\/v2\/pages\/7\/revisions\/45"}],"wp:attachment":[{"href":"https:\/\/mgs-services.ch\/index.php?rest_route=%2Fwp%2Fv2%2Fmedia&parent=7"}],"curies":[{"name":"wp","href":"https:\/\/api.w.org\/{rel}","templated":true}]}}